{"id":10,"date":"2025-11-04T02:24:27","date_gmt":"2025-11-04T02:24:27","guid":{"rendered":"http:\/\/localhost:8881\/?page_id=10"},"modified":"2025-11-18T04:55:52","modified_gmt":"2025-11-18T04:55:52","slug":"a-propos","status":"publish","type":"page","link":"https:\/\/confora.org\/?page_id=10","title":{"rendered":"\u00c0 PROPOS"},"content":{"rendered":"\n<div class=\"wp-block-group has-border-color has-background is-layout-constrained wp-container-core-group-is-layout-02f87687 wp-block-group-is-layout-constrained\" style=\"border-color:#FFFFFF;border-width:10px;border-radius:40px;background:linear-gradient(135deg,rgb(255,255,255) 0%,rgb(255,243,228) 100%);margin-top:0;margin-bottom:0;padding-top:var(--wp--preset--spacing--30);padding-right:var(--wp--preset--spacing--40);padding-bottom:var(--wp--preset--spacing--30);padding-left:var(--wp--preset--spacing--40)\">\n<div style=\"height:52px\" aria-hidden=\"true\" class=\"wp-block-spacer\"><\/div>\n\n\n\n<p class=\"has-text-align-center has-big-font-size\"><strong><mark style=\"background-color:rgba(0, 0, 0, 0);color:#004a70\" class=\"has-inline-color\">Notre entreprise \u00e0 d\u00e9buter dans les Forages, avant l&rsquo;expansion aux trois p\u00f4les.<\/mark><\/strong><\/p>\n\n\n\n<p class=\"has-text-align-center has-large-font-size\"><mark style=\"background-color:rgba(0, 0, 0, 0);color:#045917\" class=\"has-inline-color\">BTP | Hydraulique | Services &amp; Logistique<\/mark><\/p>\n\n\n\n<div class=\"wp-block-columns are-vertically-aligned-top is-layout-flex wp-container-core-columns-is-layout-180adb03 wp-block-columns-is-layout-flex\" style=\"margin-top:60px\">\n<div class=\"wp-block-column is-vertically-aligned-top is-layout-flow wp-block-column-is-layout-flow\">\n<figure class=\"wp-block-image size-full is-resized has-custom-border\"><img loading=\"lazy\" decoding=\"async\" width=\"360\" height=\"480\" src=\"https:\/\/confora.org\/wp-content\/uploads\/2025\/11\/constructeurs-afro-americains-portant-casques-masques-faciaux-tout-mesurant-mur_181624-58281-1.jpg_gaGA1.1.2064351570-edited.jpg\" alt=\"\" class=\"wp-image-328\" style=\"border-radius:30px;width:436px;height:auto\" srcset=\"https:\/\/confora.org\/wp-content\/uploads\/2025\/11\/constructeurs-afro-americains-portant-casques-masques-faciaux-tout-mesurant-mur_181624-58281-1.jpg_gaGA1.1.2064351570-edited.jpg 360w, https:\/\/confora.org\/wp-content\/uploads\/2025\/11\/constructeurs-afro-americains-portant-casques-masques-faciaux-tout-mesurant-mur_181624-58281-1.jpg_gaGA1.1.2064351570-edited-225x300.jpg 225w\" sizes=\"auto, (max-width: 360px) 100vw, 360px\" \/><\/figure>\n<\/div>\n\n\n\n<div class=\"wp-block-column is-vertically-aligned-top is-layout-flow wp-block-column-is-layout-flow\" style=\"padding-top:var(--wp--preset--spacing--50);padding-bottom:var(--wp--preset--spacing--50)\">\n<p class=\"has-medium-font-size\"><strong><mark style=\"background-color:rgba(0, 0, 0, 0)\" class=\"has-inline-color has-primary-color\">NOTRE MISSION<\/mark><\/strong> est de Concevoir et r\u00e9aliser des infrastructures vitales et durables (BTP, Hydraulique), garantissant haute qualit\u00e9 et respect des d\u00e9lais.<\/p>\n\n\n\n<p class=\"has-medium-font-size\"><strong><mark style=\"background-color:rgba(0, 0, 0, 0)\" class=\"has-inline-color has-primary-color\">NOTRE VISION <\/mark><\/strong>es de Devenir le leader incontest\u00e9 au Niger et un partenaire de premier rang dans la sous-r\u00e9gion.<\/p>\n\n\n\n<p class=\"has-medium-font-size\"><strong><mark style=\"background-color:rgba(0, 0, 0, 0)\" class=\"has-inline-color has-primary-color\">CERTIFICATIONS<\/mark><\/strong> Nous D\u00e9tenons toutes les licences et agr\u00e9ments nationaux n\u00e9cessaires au Niger. Engagement sur les normes de qualit\u00e9 (ISO\/HSE).<\/p>\n\n\n\n<div style=\"height:100px\" aria-hidden=\"true\" class=\"wp-block-spacer\"><\/div>\n\n\n\n<h2 class=\"wp-block-heading\" style=\"font-style:normal;font-weight:600\"><strong><mark style=\"background-color:rgba(0, 0, 0, 0);color:#01500d\" class=\"has-inline-color\">Notre \u00c9quipe<\/mark><\/strong><\/h2>\n<\/div>\n<\/div>\n\n\n\n<div class=\"wp-block-group is-layout-constrained wp-container-core-group-is-layout-53d2e268 wp-block-group-is-layout-constrained\" style=\"margin-top:60px\">\n<div class=\"wp-block-group homedroid-team-box is-layout-constrained wp-container-core-group-is-layout-639b5052 wp-block-group-is-layout-constrained\" style=\"border-style:none;border-width:0px;border-radius:0px;padding-top:0;padding-right:0;padding-bottom:0;padding-left:0\">\n<div class=\"wp-block-media-text has-media-on-the-right is-stacked-on-mobile has-border-color has-light-shade-background-color has-background\" style=\"border-color:#FFFFFF;border-width:10px;border-radius:40px;grid-template-columns:auto 47%\"><div class=\"wp-block-media-text__content\">\n<p class=\"has-text-align-center has-medium-font-size\">Le Dirigeant est <strong><mark style=\"background-color:rgba(0, 0, 0, 0);color:#034b76\" class=\"has-inline-color\">Malick Abdoulhamid<\/mark><\/strong>.<\/p>\n\n\n\n<p class=\"has-text-align-center has-medium-font-size\"> \u00c9quipe compos\u00e9e d&rsquo;Ing\u00e9nieurs BTP, d&rsquo;Hydrog\u00e9ologues et de Sp\u00e9cialistes Logistique<\/p>\n<\/div><figure class=\"wp-block-media-text__media\"><img loading=\"lazy\" decoding=\"async\" width=\"1024\" height=\"683\" src=\"https:\/\/confora.org\/wp-content\/uploads\/2025\/11\/ingenieur-plan-moyen-tenant-un-plan-1024x683.jpg\" alt=\"\" class=\"wp-image-278 size-full\" srcset=\"https:\/\/confora.org\/wp-content\/uploads\/2025\/11\/ingenieur-plan-moyen-tenant-un-plan-1024x683.jpg 1024w, https:\/\/confora.org\/wp-content\/uploads\/2025\/11\/ingenieur-plan-moyen-tenant-un-plan-300x200.jpg 300w, https:\/\/confora.org\/wp-content\/uploads\/2025\/11\/ingenieur-plan-moyen-tenant-un-plan-768x512.jpg 768w, https:\/\/confora.org\/wp-content\/uploads\/2025\/11\/ingenieur-plan-moyen-tenant-un-plan-1536x1024.jpg 1536w, https:\/\/confora.org\/wp-content\/uploads\/2025\/11\/ingenieur-plan-moyen-tenant-un-plan-2048x1365.jpg 2048w\" sizes=\"auto, (max-width: 1024px) 100vw, 1024px\" \/><\/figure><\/div>\n<\/div>\n<\/div>\n\n\n\n<div style=\"height:52px\" aria-hidden=\"true\" class=\"wp-block-spacer\"><\/div>\n<\/div>\n\n\n\n<div class=\"wp-block-group has-transparent-background-color has-background is-layout-constrained wp-container-core-group-is-layout-1403644c wp-block-group-is-layout-constrained\" style=\"border-radius:40px;margin-top:var(--wp--preset--spacing--50);margin-bottom:var(--wp--preset--spacing--50);padding-top:0;padding-right:0;padding-bottom:0px;padding-left:0\">\n<div class=\"wp-block-cover\" style=\"border-width:10px;border-radius:40px;padding-top:var(--wp--preset--spacing--40);padding-right:var(--wp--preset--spacing--40);padding-bottom:var(--wp--preset--spacing--40);padding-left:var(--wp--preset--spacing--40);min-height:540px;aspect-ratio:unset;\"><img decoding=\"async\" class=\"wp-block-cover__image-background wp-image-7746\" alt=\"\" src=\"https:\/\/confora.org\/wp-content\/themes\/mighty-builders\/assets\/images\/ctabg.jpg\" data-object-fit=\"cover\"\/><span aria-hidden=\"true\" class=\"wp-block-cover__background has-dark-color-background-color has-background-dim-60 has-background-dim\"><\/span><div class=\"wp-block-cover__inner-container is-layout-constrained wp-container-core-cover-is-layout-0263adef wp-block-cover-is-layout-constrained\">\n<h1 class=\"wp-block-heading has-text-align-center has-light-color-color has-text-color has-link-color has-x-large-font-size wp-elements-a406f04bcdcd15d561f16b592ba67e14\">Pr\u00eat \u00e0 lancer votre projet ?<\/h1>\n\n\n\n<p class=\"has-text-align-center has-medium-font-size\"> Contactez-nous d\u00e8s maintenant pour un devis gratuit sous 48h.<\/p>\n\n\n\n<div class=\"wp-block-buttons is-content-justification-center is-layout-flex wp-container-core-buttons-is-layout-39c6407a wp-block-buttons-is-layout-flex\" style=\"margin-top:48px\">\n<div class=\"wp-block-button\"><a class=\"wp-block-button__link has-custom-font-size wp-element-button\" href=\"https:\/\/confora.org\/?page_id=13\" style=\"border-radius:70px;padding-top:22px;padding-right:var(--wp--preset--spacing--60);padding-bottom:22px;padding-left:var(--wp--preset--spacing--60);font-size:clamp(14px, 0.875rem + ((1vw - 3.2px) * 0.244), 18px);\">DEMANDER UN DEVIS<\/a><\/div>\n\n\n\n<div class=\"wp-block-button is-style-button-hover-secondary-bgcolor\"><a class=\"wp-block-button__link has-heading-color-color has-light-color-background-color has-text-color has-background has-link-color has-custom-font-size wp-element-button\" href=\"https:\/\/confora.org\/?page_id=9\" style=\"border-radius:70px;padding-top:22px;padding-right:var(--wp--preset--spacing--50);padding-bottom:22px;padding-left:var(--wp--preset--spacing--50);font-size:clamp(14px, 0.875rem + ((1vw - 3.2px) * 0.244), 18px);\">VOIR NOS SERVICES<\/a><\/div>\n<\/div>\n<\/div><\/div>\n<\/div>\n\n\n\n<p><\/p>\n","protected":false},"excerpt":{"rendered":"<p>Notre entreprise \u00e0 d\u00e9buter dans les Forages, avant l&rsquo;expansion aux trois p\u00f4les. BTP | Hydraulique | Services &amp; Logistique NOTRE MISSION est de Concevoir et r\u00e9aliser des infrastructures vitales et durables (BTP, Hydraulique), garantissant haute qualit\u00e9 et respect des d\u00e9lais. NOTRE VISION es de Devenir le leader incontest\u00e9 au Niger et un partenaire de premier&#8230;<\/p>\n","protected":false},"author":1,"featured_media":0,"parent":0,"menu_order":0,"comment_status":"closed","ping_status":"closed","template":"","meta":{"pagelayer_contact_templates":[],"_pagelayer_content":"","footnotes":""},"class_list":["post-10","page","type-page","status-publish","hentry"],"_links":{"self":[{"href":"https:\/\/confora.org\/index.php?rest_route=\/wp\/v2\/pages\/10","targetHints":{"allow":["GET"]}}],"collection":[{"href":"https:\/\/confora.org\/index.php?rest_route=\/wp\/v2\/pages"}],"about":[{"href":"https:\/\/confora.org\/index.php?rest_route=\/wp\/v2\/types\/page"}],"author":[{"embeddable":true,"href":"https:\/\/confora.org\/index.php?rest_route=\/wp\/v2\/users\/1"}],"replies":[{"embeddable":true,"href":"https:\/\/confora.org\/index.php?rest_route=%2Fwp%2Fv2%2Fcomments&post=10"}],"version-history":[{"count":14,"href":"https:\/\/confora.org\/index.php?rest_route=\/wp\/v2\/pages\/10\/revisions"}],"predecessor-version":[{"id":336,"href":"https:\/\/confora.org\/index.php?rest_route=\/wp\/v2\/pages\/10\/revisions\/336"}],"wp:attachment":[{"href":"https:\/\/confora.org\/index.php?rest_route=%2Fwp%2Fv2%2Fmedia&parent=10"}],"curies":[{"name":"wp","href":"https:\/\/api.w.org\/{rel}","templated":true}]}}